 c(i) = -i**2 - 6*i + 1. Let z(y) = y - 11. Let l = -584 - -590. Let j be z(l). Calculate c(j).
6
Suppose 0 = -p + 5*p - 12. Suppose 52 = -p*o - 4*u, -3*o + o + 2*u = 30. Let s be (12/15)/(o/(-40)). Let y(a) = 4*a - 3. Calculate y(s).
5
Let a(c) = 2*c**2 + c. Suppose -203*j + 15 = 3*n - 199*j, -j = 2*n. Calculate a(n).
15
Suppose 377 = 1510*l - 1497*l. Let r(s) = -2*s**3 + 61*s**2 - 88*s + 24. Give r(l).
-5
Let t be (1 - -54) + (-3 - -3). Suppose -5*w = p - 15 + t, -2*w + 3*p = 16. Let g(c) = 3*c + 20. Determine g(w).
-4
Suppose 0 = -7*w + 17 - 3. Suppose -r - 2*r + 6 = 0. Let z(a) = 6*a - 15*a**2 + 11*a**r + a - 4*a. Determine z(w).
-10
Suppose -39 = -5*g - z, 405*z - 81 = -7*g + 408*z. Let h(m) = 2*m + 12. Let k(x) = x + 1. Let c(f) = h(f) - 3*k(f). Calculate c(g).
0
Let s(v) = -v**2 - 97*v - 1994. Let a be s(-30). Let i(j) be the first derivative of 7*j + 3/2*j**2 - a. What is i(-5)?
-8
Let h(g) = -2*g - 2. Suppose 0 = -3*f - 4*z + 20, 0 = 3*f - 3*z + 4*z - 23. Suppose 5*b = 5*y + b + 16, -4*b = -3*y - f. Determine h(y).
6
Let v(u) be the second derivative of -u**4/12 + 2*u**3/3 + 9*u**2 + 1544*u. Determine v(9).
-27
Suppose 96*o - 112*o = -32. Let u(d) = -o*d - 10 - 2 - 3 + 13. Determine u(4).
-10
Let i(z) = -z**2 - 9*z - 7. Suppose -m - 288 = 3*r + 3*m, -3*m = 2*r + 192. Let s = 142 + r. Suppose s + 17 = -9*f. Determine i(f).
7
Let t be (3 - 15/10) + (-9)/(-2). Let h(n) = t*n + 6*n + n**2 + 102 - 95 - 5*n. Calculate h(-6).
1
Let w(r) = -r**3 - 5*r**2 + 4*r - 7. Suppose 0 = 13*m - 31 - 8. Suppose 2*a - 3*f = -2*a - 24, -2*a - 12 = m*f. What is w(a)?
5
Let j(u) = -u - 79 + 145 - 5*u**3 + 12*u**2 - 70. Let l(c) = -9*c**3 + 22*c**2 - 2*c - 7. Let t(q) = -7*j(q) + 4*l(q). What is t(4)?
-4
Let h(d) = -d**3 + 9*d**2 - 3*d + 28. Let u be h(9). Let l(q) = 13*q - 29*q**2 + u - 2 + 60*q**2 - 30*q**2. Calculate l(-13).
-1
Let d(b) = -160*b - 13290. Let c be d(-83). Let x(i) = i**2 + 5*i - 13. Give x(c).
37
Let z(v) = 241*v + 83. Let h(c) = 11*c + 4. Let f(w) = -42*h(w) + 2*z(w). Suppose 3*r - 2*r = -1. Determine f(r).
-22
Let u(s) = 69*s - 341. Let a be 3 + 4 + -9 + 4 + 3. Let l be u(a). Let p(m) = -m**3 + 3*m**2 + 6*m + 1. Determine p(l).
9
Suppose 202*k - 199*k + 6 = 0. Let y(x) = -x + 16 - 3*x**2 - 9*x - 15 - 3*x**3 + x**3 + 9*x. Calculate y(k).
7
Let m(l) be the first derivative of -l**3/3 - 7*l**2/2 + l - 9. Let y = 928 - 934. Give m(y).
7
Let t(z) be the first derivative of -1 + 1/3*z**3 - 5/2*z**2 - 10*z. Give t(7).
4
Let g be ((-160)/(-24))/(4/(-42)). Let z = g - -135. Let r(m) = -3*m - z + 4*m + 55. Give r(6).
-4
Let m be -7 - (-16)/24*15. Suppose m*u - 5*u = -2*y + 18, 6 = -u - 2*y. Let l(j) = -j**2 - 9*j - 3. Give l(u).
5
Suppose -u - 480 = 4*u. Let v = -77 - 16. Let o = u - v. Let j(d) = -3*d + 2. Calculate j(o).
11
Let w(o) = -o**3 - 8*o**2 - 13*o. Let h be w(-6). Let q(p) = h*p - 7*p + 1 + 0. Let m be q(9). Let j(c) = -c**3 - 7*c**2 + 9*c + 9. What is j(m)?
1
Let f(u) = -u**2 - 18*u + 40. Let h be f(-20). Suppose h = -55*s + 58*s + 18. Let q(c) = c - 3. Give q(s).
-9
Let f(x) be the first derivative of 0*x**2 + 2*x - x**2 + 6*x - 5*x + 100. What is f(5)?
-7
Let y(p) = -8*p + 32. Suppose -4*j - 2*c = -22, 3*j + 0*c = 4*c. Calculate y(j).
0
Let r(h) = -13*h + 1048. Let u be r(79). Let p(g) be the first derivative of -3*g + 3/2*g**2 + u. Give p(3).
6
Suppose -3*y + 0*y = 0. Let k(l) be the first derivative of -l**2/2 + 13*l - 1187. What is k(y)?
13
Let i be -34*(-20 - -19)/(-1 - 1). Let d(b) = -b - 12. Let c be d(i). Let u(y) = 2*y. Calculate u(c).
10
Let k(m) = -m**2 + 12*m + 27. Let a = -328 - -518. Suppose 13*l = a - 8. Determine k(l).
-1
Suppose -3 - 6 = -3*x. Suppose 2*y = 3*y - x*c - 9, c = -2*y - 3. Let d(w) = -w - 17. Give d(y).
-17
Let u(v) = 2*v**3 - 162*v**2 - v + 80. Let q be u(81). Let c(l) = -l + l**3 - 2*l**2 - 2 + 0*l**3 - l. Let s be c(q). Let r(j) = j**3 + 4*j**2. Give r(s).
9
Let d(f) = -f**2 + 3*f - 4. Suppose -a + 4*z = -23, -1 = -4*a - 3*z - 4. Let s be (a*6/(-7))/(6/(-56)). Let t be (-20)/1*(-6)/s. What is d(t)?
-14
Let p(q) = 77 + 401*q - 184*q - 227*q. Determine p(8).
-3
Let k(y) be the second derivative of 5*y**3/2 + 957*y**2/2 - 1504*y. Give k(-64).
-3
Let s(j) = j**2 + 7*j - 5. Let q = 425 + -371. Suppose -q*w - 352 = 134. Determine s(w).
13
Suppose -2*v + 1 + 3 = 0. Let w be (8/12)/((-6)/(-27)). Let m(o) = -o**w - 2*o + 4*o + 3*o**2 - 2*o**2 + 42 - 42. Calculate m(v).
0
Let k(p) = -3*p - 4. Let r be k(-3). Let l(x) = 213*x**2 + 200*x**2 - x**3 + 1 + 215*x**2 - 624*x**2 + 4*x + 2*x + 0. Determine l(r).
6
Suppose 4*m + 5 = 2*m - 5*f, f = -m - 1. Let l be -4 + m/2*22/44. Let g be (51 + -48)*1*l/(-6). Let n(d) = -d**3 - 2*d**2 + 2*d + 1. Determine n(g).
-11
Let w(d) = -8*d - 23. Suppose -q = -4*a + 14, 25*q - 2*a = 21*q - 42. Give w(q).
57
Let o(i) = i**3 - 6*i**2 - 7. Let q(s) = -118 + 18*s + s**2 - 126 + 264. Let c be q(-16). Let w(y) = -3*y - 30. Let r be w(c). What is o(r)?
-7
Let w(x) = 6*x**3 - 27*x**2 + 55*x + 48. Let v(d) = -d**3 - 19. Let l(m) = -7*v(m) - w(m). Determine l(-29).
-2
Suppose 52 + 112 = 2*p - 2*w, 0 = 2*p - w - 164. Let f = p + -76. Let g(c) = 0*c**2 - 5*c**2 + 2 - 7*c + f*c**2 + c**2. What is g(5)?
17
Let r be (1 + (-28)/16)*8/(-3). Let i(v) = -r*v + 14*v - 24*v. Determine i(1).
-12
Let z(q) = 4*q - 38. Let y(i) = -2*i**3 + 16*i**2 + 5*i + 128. Let c be y(9). Determine z(c).
6
Let q(i) = -i**2 - 1. Let t(b) = -b**3 - 4*b**2 - 3*b - 1. Let o(m) = -4*q(m) + t(m). Suppose 665*x + 33 = 660*x - 2*d, 0 = -2*x - 3*d - 33. Calculate o(x).
39
Let f(k) = k + 13. Let u(p) = -989*p - 7916. Let x be u(-8). Give f(x).
9
Suppose -1 = s, 4*o - s = 24 - 15. Suppose -3*i - 2*x = 10, -o*i + i + 15 = -3*x. Let q(v) = v - 2. What is q(i)?
-2
Let p(h) = -h**2 + 24*h - 26 - 7*h + 7. Let f be (5/2)/((-3320)/(-21248)). Calculate p(f).
-3
Let d(y) be the third derivative of y**5/30 - 3*y**4/2 + 53*y**3/6 - 1180*y**2. Calculate d(16).
-11
Let q(r) be the first derivative of r**4/4 - r**3 + 3*r**2/2 - 5*r - 1. Suppose -5*o - 5680 = -2*w, -4*o - 1723 - 2821 = 4*w. Let d = -1132 - o. What is q(d)?
23
Let u(f) = -5*f - 1. Suppose 210 = 5*j + 2*i, -2*j + i = -0*j - 84. Let q = 36 - j. Let b be 3/q*(0 + -4 + 0). Calculate u(b).
-11
Let c = -1272 - -1281. Let q(y) = y**2 - 17*y + 35. Give q(c).
-37
Let z(f) = -f**2 - 9*f - 10. Suppose 26*w + 65 + 75 = 10. What is z(w)?
10
Let l(f) = -f**3 + 6*f**2 + 3*f + 18. Let t = -191 - -198. Let d be l(t). Let r(a) = 2*a**3 + 20*a**2 + a + 13. What is r(d)?
3
Let n(u) = -u**3 - 10*u**2 + 10*u + 23. Let y be n(-11). Suppose -y*m + 49*m = 60. Let v(b) = -2*b - 1. Give v(m).
-9
Let m(v) = -16 - 7*v**2 - 7*v**2 - 5*v**2 + 8*v + 20*v**2. Determine m(-5).
-31
Let a = 30 + -21. Suppose -101*j = -87*j + 364. Let w be ((-39)/j)/(a/6). Let b(t) = -7*t**2 - 1. Determine b(w).
-8
Let q(p) be the third derivative of -p**6/120 + p**5/10 + p**4/6 - 7*p**3/2 + 2*p**2 + 2837*p. Determine q(6).
3
Let r(d) = -12*d**3 - 48*d**2 - 17*d + 53. Let w(i) = -7*i**3 - 26*i**2 - 8*i + 26. Let t(f) = -3*r(f) + 5*w(f). Give t(-13).
-3
Let i(w) = -4*w - 21. Suppose -21*x = -11*x + 850. Let q = x + 79. Give i(q).
3
Let m(g) = 6*g + 22. Let j(v) be the second derivative of -5*v**3/6 - 17*v**2/2 - 46*v + 2. Let q(h) = 4*j(h) + 3*m(h). Let z = 0 + -2. Give q(z).
2
Let y(t) be the second derivative of t**5/20 - t**4/2 + t**3/3 + t**2 + 32*t. Give y(2).
-10
Let d be ((-2)/(-5))/(15/525). Suppose 7*j + 21 = d*j. Let a(h) = h**2 + h - 48 + 0*h**j + 0*h - 4*h**3 + 49. Give a(-1).
5
Let q(l) = -5266 + 25*l - 17*l + 5253 - 12*l. What is q(-3)?
-1
Let m(d) be the second derivative of -d**4/6 + d**3 - 6*d**2 + 34*d - 10. Calculate m(4).
-20
Let x(u) = -16*u + 201. Let d(w) = 16*w - 218. Let v(r) = -12*d(r) - 13*x(r). Give v(3).
51
Let w(s) = -s - s**3 + 23860 + 14*s**2 - 47732 + 3*s + 23843 + 8*s**2. Determine w(22).
15
Let b(m) = m + 111. Let y be b(5). Suppose 0 = -18*g + y + 46. Let s(o) = -o + 12. Give s(g).
3
Let a(m) be the first derivative of -m**3/2 + 7*m**2/2 + 32*m + 47. Let r(b) be the first derivative of a(b). What is r(3)?
-2
Suppose -16 = 4*x, 2*x = -4*f + 6*x + 28. Let w(q) = q**3 - 3*q**2 - q + 4. Let h be w(f). Suppose -8*i = -h - 15. Let b(z) = -z**3 + 4*z**2 - z. Give b(i).
6
Let d(t) = -t**2 - 16*t - 16. 